{"id":5020,"date":"2024-12-14T12:51:01","date_gmt":"2024-12-14T12:51:01","guid":{"rendered":"https:\/\/projemeta.com\/?post_type=product&#038;p=5020"},"modified":"2024-12-23T16:39:04","modified_gmt":"2024-12-23T16:39:04","slug":"mutfa-kitchen","status":"publish","type":"product","link":"https:\/\/projemeta.com\/index.php\/urun\/mutfa-kitchen\/","title":{"rendered":"MUTFAK-KITCHEN-0003"},"content":{"rendered":"<p>HAZIR 3D MODELLER \u0130LE DEKORE ED\u0130LM\u0130\u015e BU SLON DEKORASYONUNU S\u0130Z\u0130N PROJEN\u0130ZDE VEYA S\u0130ZE A\u0130T SALONUNUZA AYNI MOB\u0130LYALARI D\u0130ZEREK 4 ADET 6K RENDER TESL\u0130M ED\u0130YORUZ<\/p>\n","protected":false},"excerpt":{"rendered":"<p>SALON -LIVINGROOM<\/p>\n","protected":false},"featured_media":4984,"comment_status":"open","ping_status":"closed","template":"","meta":[],"product_cat":[24,25],"product_tag":[],"_links":{"self":[{"href":"https:\/\/projemeta.com\/index.php\/wp-json\/wp\/v2\/product\/5020"}],"collection":[{"href":"https:\/\/projemeta.com\/index.php\/wp-json\/wp\/v2\/product"}],"about":[{"href":"https:\/\/projemeta.com\/index.php\/wp-json\/wp\/v2\/types\/product"}],"replies":[{"embeddable":true,"href":"https:\/\/projemeta.com\/index.php\/wp-json\/wp\/v2\/comments?post=5020"}],"wp:featuredmedia":[{"embeddable":true,"href":"https:\/\/projemeta.com\/index.php\/wp-json\/wp\/v2\/media\/4984"}],"wp:attachment":[{"href":"https:\/\/projemeta.com\/index.php\/wp-json\/wp\/v2\/media?parent=5020"}],"wp:term":[{"taxonomy":"product_cat","embeddable":true,"href":"https:\/\/projemeta.com\/index.php\/wp-json\/wp\/v2\/product_cat?post=5020"},{"taxonomy":"product_tag","embeddable":true,"href":"https:\/\/projemeta.com\/index.php\/wp-json\/wp\/v2\/product_tag?post=5020"}],"curies":[{"name":"wp","href":"https:\/\/api.w.org\/{rel}","templated":true}]}}