{"id":5019,"date":"2024-12-14T12:50:47","date_gmt":"2024-12-14T12:50:47","guid":{"rendered":"https:\/\/projemeta.com\/?post_type=product&#038;p=5019"},"modified":"2024-12-23T19:03:40","modified_gmt":"2024-12-23T19:03:40","slug":"bina-renderlari-0002","status":"publish","type":"product","link":"https:\/\/projemeta.com\/index.php\/urun\/bina-renderlari-0002\/","title":{"rendered":"B\u0130NA 3D MODELLEME VE RENDER"},"content":{"rendered":"<p>Projenizdeki 1 Adet Bina i\u00e7in\u00a0 3D Modelleme sonras\u0131nda G\u00f6nderdi\u011finiz Cephe \u00f6rne\u011fine uygun Cephe Adaptasyonu ve Her a\u00e7\u0131dan 6K \u00e7\u00f6z\u00fcn\u00fcrl\u00fckte render sat\u0131n alm\u0131\u015f oluyorsunuz Projenizde ka\u00e7 adet bina varsa adeti artt\u0131rarak sepete ekledi\u011finizde projeniz i\u00e7in fiyat Teklifimizi hesaplam\u0131\u015f oluyorsunuz.<\/p>\n<p>&nbsp;<\/p>\n<p>Not:\u00d6rnek olarak G\u00f6nderdi\u011finiz Her Farkl\u0131 Cephe Tasar\u0131m\u0131 \u00d6rne\u011fi i\u00e7in Tekrar sat\u0131n alman\u0131z gerekir.<\/p>\n","protected":false},"excerpt":{"rendered":"<p>Mimari Bina Renderlar\u0131<\/p>\n","protected":false},"featured_media":1825,"comment_status":"open","ping_status":"closed","template":"","meta":[],"product_cat":[35],"product_tag":[],"_links":{"self":[{"href":"https:\/\/projemeta.com\/index.php\/wp-json\/wp\/v2\/product\/5019"}],"collection":[{"href":"https:\/\/projemeta.com\/index.php\/wp-json\/wp\/v2\/product"}],"about":[{"href":"https:\/\/projemeta.com\/index.php\/wp-json\/wp\/v2\/types\/product"}],"replies":[{"embeddable":true,"href":"https:\/\/projemeta.com\/index.php\/wp-json\/wp\/v2\/comments?post=5019"}],"wp:featuredmedia":[{"embeddable":true,"href":"https:\/\/projemeta.com\/index.php\/wp-json\/wp\/v2\/media\/1825"}],"wp:attachment":[{"href":"https:\/\/projemeta.com\/index.php\/wp-json\/wp\/v2\/media?parent=5019"}],"wp:term":[{"taxonomy":"product_cat","embeddable":true,"href":"https:\/\/projemeta.com\/index.php\/wp-json\/wp\/v2\/product_cat?post=5019"},{"taxonomy":"product_tag","embeddable":true,"href":"https:\/\/projemeta.com\/index.php\/wp-json\/wp\/v2\/product_tag?post=5019"}],"curies":[{"name":"wp","href":"https:\/\/api.w.org\/{rel}","templated":true}]}}